MONTHLY CLIMATOLOGICAL SUMMARY for SEP 2013

NAME:    CITY:  STATE: 
ELEV:  LAT:  LONG: 

                            TEMPERATURE ( F), RAIN (in.), WIND SPEED (mph)

                                               HEAT     COOL           AVG
      MEAN                                     DEG      DEG            WIND                       DOM
DAY   TEMP    HIGH   TIME     LOW    TIME      DAYS     DAYS    RAIN   SPEED    HIGH    TIME      DIR
----------------------------------------------------------------------------------------------------------------------------------------------------------
01    80.2   083.7   14:25    77.2   07:29     00.0     15.3   00.00   03.4     11.5    14:37     SSE
02    80.5   082.4   14:58    73.3   10:00     00.0     15.6   02.12   04.8     11.5    14:05      SE
03    78.3   082.8   12:52    72.9   19:38     00.0     13.4   00.99   01.8     12.7    13:12      S 
04    75.8   081.3   14:53    69.6   07:33     00.0     10.8   00.01   00.4     06.9    17:32      S 
05    76.3   082.8   14:18    72.5   00:00     00.0     11.4   00.00   00.7     09.2    14:23      S 
06    75.0   080.6   13:07    70.3   06:45     00.0     10.1   00.20   01.0     10.3    10:46      NW
07    72.2   077.9   15:08    65.7   00:00     00.0     07.2   00.00   00.8     10.3    12:56      SW
08    72.5   079.5   15:11    64.0   07:22     00.0     07.6   00.00   00.9     09.2    13:14      S 
09    76.3   082.6   13:41    70.5   07:03     00.0     11.3   00.00   00.4     06.9    15:57     SSW
10    77.0   084.6   14:33    70.7   07:29     00.0     12.1   00.00   00.5     08.1    13:02     SSW
11    75.4   083.0   13:22    69.6   07:37     00.0     10.5   00.00   00.3     08.1    15:06      S 
12    75.9   081.1   15:39    69.4   07:34     00.0     10.9   00.00   01.6     08.1    17:35     SSW
13    79.2   084.0   17:31    71.2   00:00     00.0     14.3   00.25   02.7     20.7    22:16      NW
14    71.8   078.5   15:35    66.9   08:04     00.0     06.9   00.04   07.3     27.6    13:12      NE
15    72.3   080.6   16:24    65.5   03:03     00.0     07.3   00.00   04.0     20.7    10:45     ENE
16    72.5   082.2   10:54    65.8   06:23     00.0     07.5   00.66   00.8     11.5    22:14     WSW
17    69.4   075.7   13:45    63.7   00:00     00.0     04.4   00.00   05.3     25.3    18:50      N 
18    67.7   076.8   16:03    58.6   07:09     00.0     02.7   00.00   07.3     23.0    09:25      NE
19    67.1   078.0   16:01    58.1   03:27     00.0     02.2   00.00   03.2     20.7    11:05     NNE
20    70.3   078.6   17:14    62.6   07:02     00.0     05.4   00.00   01.3     14.9    11:28      NE
21    72.6   080.6   15:23    63.1   01:57     00.0     07.6   00.00   00.6     09.2    15:21     WSW
22    72.2   079.4   10:45    69.4   22:04     00.0     07.2   00.57   05.6     27.6    21:18      N 
23    67.0   073.5   15:36    57.0   23:29     00.0     02.0   00.00   06.7     27.6    11:58      N 
24    62.1   074.7   15:50    52.3   06:57     02.8     00.0   00.00   02.9     20.7    13:48      N 
25    64.0   073.7   12:23    53.2   07:06     01.0     00.0   00.00   03.5     17.3    16:52     ENE
26    68.8   076.8   15:54    62.2   07:12     00.0     03.8   00.15   06.2     21.9    15:05      NE
27    68.6   075.0   11:09    63.5   05:58     00.0     03.6   00.00   10.0     35.6    09:54     ENE
28    68.8   076.5   14:39    62.2   07:49     00.0     03.8   00.00   09.1     28.8    10:54      NE
29    67.8   076.8   14:35    60.4   00:00     00.0     02.9   00.00   06.7     19.6    12:41      N 
30    65.0   076.0   15:57    58.1   00:00     00.0     00.0   00.00   04.6     20.7    14:01     NNW
----------------------------------------------------------------------------------------------------------------------------------------------------------