MONTHLY CLIMATOLOGICAL SUMMARY for SEP 2014

NAME:    CITY:  STATE: 
ELEV:  LAT:  LONG: 

                            TEMPERATURE ( F), RAIN (in.), WIND SPEED (mph)

                                               HEAT     COOL           AVG
      MEAN                                     DEG      DEG            WIND                       DOM
DAY   TEMP    HIGH   TIME     LOW    TIME      DAYS     DAYS    RAIN   SPEED    HIGH    TIME      DIR
----------------------------------------------------------------------------------------------------------------------------------------------------------
01    82.6   088.5   16:20    78.6   07:16     00.0     17.6   00.00   00.9     09.2    10:21      SW
02    82.6   088.7   11:16    78.6   07:03     00.0     17.6   00.00   01.4     09.2    15:25      SW
03    82.4   088.8   15:23    78.3   07:25     00.0     17.4   00.00   01.1     10.3    07:59      SW
04    80.9   089.4   15:44    75.7   09:20     00.0     16.0   00.14   00.3     09.2    09:18     SSW
05    80.9   088.6   15:08    74.8   07:16     00.0     16.0   00.00   00.2     05.8    15:57     SSW
06    80.5   088.5   14:51    74.1   07:25     00.0     15.5   00.21   01.2     10.3    16:54      SW
07    77.9   084.5   15:11    73.4   23:37     00.0     13.0   00.07   01.0     14.9    17:08      NW
08    75.1   081.1   11:23    70.7   05:29     00.0     10.2   03.50   00.3     11.5    13:09      SE
09    76.2   087.6   11:08    72.9   00:40     00.0     11.2   00.96   01.5     13.8    16:35      W 
10    76.3   085.6   15:47    70.2   06:53     00.0     11.4   00.00   02.3     12.7    11:40      N 
11    77.4   085.9   14:24    69.1   06:44     00.0     12.5   00.00   01.0     11.5    10:11     WSW
12    79.1   089.7   15:27    73.4   20:45     00.0     14.2   01.19   01.4     13.8    15:56      W 
13    78.4   088.2   14:42    72.1   06:42     00.0     13.4   00.01   01.0     10.3    21:31      NW
14    72.6   077.4   13:46    68.7   00:00     00.0     07.7   00.01   06.1     21.9    07:40      NE
15    72.0   079.0   14:09    67.6   05:56     00.0     07.0   00.00   02.0     14.9    12:00     NNE
16    74.5   084.2   16:04    68.4   04:40     00.0     09.6   00.01   00.1     06.9    08:45     NNW
17    73.6   082.3   15:27    68.2   03:38     00.0     08.6   01.65   03.3     19.6    13:03      NE
18    72.6   079.7   15:13    66.5   00:00     00.0     07.6   00.00   03.7     18.4    13:18      NE
19    72.0   079.4   12:34    64.9   02:08     00.0     07.1   00.00   06.0     25.3    15:08      NE
20    72.1   076.5   12:29    69.8   21:57     00.0     07.2   00.86   07.5     23.0    23:39      NE
21    74.6   084.0   15:15    70.7   02:07     00.0     09.7   01.42   06.7     24.1    11:38     NNW
22    75.0   080.1   13:10    68.2   21:37     00.0     10.0   00.00   03.0     16.1    12:11     NNW
23    67.0   069.4   11:09    63.1   00:00     00.0     02.0   00.04   08.2     26.4    21:18     NNE
24    70.7   078.1   12:36    63.1   00:02     00.0     05.8   00.40   04.7     25.3    04:59      NE
25    71.6   077.2   15:46    67.1   00:00     00.0     06.7   00.36   03.8     16.1    13:05     NNE
26    69.1   074.1   13:20    65.8   04:27     00.0     04.1   00.00   07.7     24.1    21:38      NE
27    70.3   077.7   15:00    64.2   00:00     00.0     05.4   00.00   05.4     19.6    15:39      NE
28    70.8   081.9   15:32    63.9   02:22     00.0     05.8   00.00   02.9     16.1    11:07     NNE
29    70.3   076.3   16:13    66.4   06:03     00.0     05.4   00.00   02.4     12.7    14:37      N 
30    71.3   082.5   15:30    66.2   00:00     00.0     06.4   00.03   04.5     18.4    10:57     NNE
----------------------------------------------------------------------------------------------------------------------------------------------------------