MONTHLY CLIMATOLOGICAL SUMMARY for SEPTEMBER 2018 NAME: Mandy Farms CITY: Morehead City STATE: NC ELEV: 10 LAT: 034:43:32 LONG: 0076:45:37 TEMPERATURE ( °F), RAIN (in.), WIND SPEED (mph) HEAT COOL AVG MEAN DEG DEG WIND DOM DAY TEMP HIGH TIME LOW TIME DAYS DAYS RAIN SPEED HIGH TIME DIR ---------------------------------------------------------------------------------------------------------------------------------------------------------- 01 081.4 088.2 15:05 74.8 05:59 00.0 16.4 00.00 01.0 06.0 07:55 SW 02 081.9 089.5 14:36 74.3 03:25 00.0 16.9 00.00 01.0 15.0 15:07 NNE 03 081.5 089.5 14:48 73.7 05:37 00.0 16.5 00.00 01.0 15.0 10:27 NE 04 080.9 089.2 13:00 72.9 06:15 00.0 15.9 00.07 01.0 13.5 13:34 NNE 05 081.8 089.3 14:55 74.5 06:40 00.0 16.8 00.08 02.0 19.5 13:31 NE 06 079.8 087.7 15:56 71.9 06:30 00.0 14.8 00.02 01.0 12.0 11:38 NNE 07 079.4 087.0 10:49 72.4 06:14 00.0 14.4 00.53 01.0 12.0 12:06 N 08 079.1 086.8 12:47 71.6 06:42 00.0 14.1 00.00 01.0 10.5 14:52 NE 09 080.1 086.1 15:06 74.2 05:37 00.0 15.1 00.66 01.0 12.0 02:03 NNE 10 081.1 087.7 15:06 74.6 06:50 00.0 16.1 00.14 01.0 07.5 11:18 ESE 11 081.0 087.0 14:24 75.2 06:39 00.0 16.0 00.62 01.0 10.5 11:59 NE 12 081.3 087.1 11:09 75.5 07:09 00.0 16.3 00.18 03.0 24.0 15:44 NE 13 077.7 081.3 09:29 74.2 10:09 00.0 12.7 04.60 09.0 64.0 13:44 NE 14 078.0 080.0 15:23 76.0 09:12 00.0 13.0 15.38 07.0 55.0 04:23 E 15 077.0 079.0 13:35 75.0 07:11 00.0 12.0 01.32 01.0 06.0 14:23 E 16 078.0 081.0 15:22 75.0 08:15 00.0 13.0 00.17 01.0 06.0 15:23 SE 17 078.0 082.0 16:23 74.0 07:12 00.0 13.0 00.02 01.0 05.0 14:23 SW 18 078.0 084.0 15:33 72.0 19:05 00.0 13.0 00.42 02.0 10.0 13:43 SW 19 080.5 089.0 14:11 72.0 05:45 00.0 15.5 00.00 01.0 08.0 15:33 NE 20 078.5 086.0 15:04 70.7 23:56 00.0 13.5 00.00 02.0 19.5 17:29 NE 21 076.1 085.9 15:56 66.7 04:33 00.0 11.1 00.00 02.0 15.0 13:47 NE 22 076.2 087.1 14:54 65.6 06:00 00.0 11.2 00.00 01.0 09.0 15:49 SSW 23 077.8 087.6 15:09 68.5 07:09 00.0 12.8 00.00 01.0 10.5 12:29 ESE 24 079.1 086.7 14:44 71.5 02:11 00.0 14.1 00.05 03.0 19.5 11:05 NE 25 080.6 087.3 11:48 74.2 01:11 00.0 15.6 00.45 02.0 18.0 05:12 ENE 26 080.3 088.0 14:56 72.8 05:32 00.0 15.3 00.00 02.0 15.0 10:59 W 27 081.2 087.7 14:54 74.5 07:13 00.0 16.2 00.21 01.0 13.5 14:06 SW 28 081.9 089.5 10:08 74.0 21:00 00.0 16.9 00.27 02.0 25.5 20:16 SW 29 077.3 082.8 15:22 72.2 22:55 00.0 12.3 00.04 03.0 21.0 14:40 NE 30 074.6 081.6 13:35 67.7 06:59 00.0 09.6 00.00 04.0 21.0 15:01 NE ----------------------------------------------------------------------------------------------------------------------------------------------------------