MONTHLY CLIMATOLOGICAL SUMMARY for SEPTEMBER 2019 NAME: Mandy Farms CITY: Morehead City STATE: NC ELEV: 10 LAT: 034:43:32 LONG: 0076:45:37 TEMPERATURE ( 째F), RAIN (in.), WIND SPEED (mph) HEAT COOL AVG MEAN DEG DEG WIND DOM DAY TEMP HIGH TIME LOW TIME DAYS DAYS RAIN SPEED HIGH TIME DIR ---------------------------------------------------------------------------------------------------------------------------------------------------------- 01 077.8 082.6 12:24 73.9 10:19 0.0 12.8 00.30 02.4 19.5 13:59 NE 02 077.4 083.4 14:14 74.2 03:39 0.0 12.4 00.12 00.7 16.5 11:59 ENE 03 079.4 087.6 15:19 73.1 06:14 0.0 14.4 00.00 01.6 18.0 11:39 NE 04 079.3 084.5 11:46 76.0 05:03 0.0 14.3 00.04 00.3 09.0 11:04 ENE 05 080.2 086.4 13:04 76.0 18:04 0.0 15.2 01.19 03.3 22.5 13:24 ESE 06 079.3 083.2 15:04 73.6 10:54 0.0 14.3 04.51 08.3 58.5 03:44 NNE 07 080.4 089.1 14:34 73.3 07:39 0.0 15.4 00.00 00.7 13.5 12:09 NNW 08 080.9 087.7 15:30 75.4 03:00 0.0 15.9 00.00 00.5 10.5 16:09 WSW 09 079.6 087.8 13:38 72.7 23:19 0.0 14.6 00.63 01.0 21.0 15:36 WSW 10 077.5 085.7 15:19 72.1 06:44 0.0 12.5 00.00 01.7 16.5 13:44 NNE 11 078.3 086.1 12:54 71.7 07:09 0.0 13.3 00.00 00.8 12.0 13:09 ENE 12 079.0 086.5 15:05 69.1 06:24 0.0 14.0 00.00 00.5 07.5 12:04 W 13 079.4 086.5 13:10 73.0 05:55 0.0 14.4 00.00 02.4 24.0 16:19 NE 14 079.2 086.0 15:09 75.3 07:24 0.0 14.2 00.00 03.1 22.5 16:14 NE 15 079.9 087.0 13:24 73.9 02:19 0.0 14.9 00.00 00.9 15.0 13:59 ENE 16 080.0 085.2 15:39 74.7 05:00 0.0 15.0 00.00 05.1 24.0 15:44 NE 17 078.0 084.6 12:09 71.8 23:45 0.0 13.0 00.05 04.2 25.5 13:44 NE 18 072.0 077.3 15:24 65.0 07:04 0.0 07.0 00.00 05.1 27.0 16:19 NE 19 070.1 077.4 14:32 63.3 03:09 0.0 05.1 00.00 04.5 25.5 12:10 NE 20 069.9 079.1 15:04 61.4 07:19 0.0 04.9 00.00 01.2 15.0 09:09 NE 21 071.3 081.1 15:39 58.9 06:59 0.0 06.3 00.00 00.3 09.0 15:14 NW 22 071.3 081.2 15:19 60.1 07:19 0.0 06.3 00.00 00.2 07.5 12:49 NNW 23 072.1 081.8 14:59 61.2 07:14 0.0 07.1 00.00 00.4 09.0 17:34 W 24 076.7 085.4 15:44 69.0 07:29 0.0 11.7 00.00 01.6 15.0 09:09 E 25 073.5 083.0 15:24 64.0 07:29 0.0 08.5 00.00 00.6 12.0 11:24 ENE 26 080.4 086.0 13:14 73.2 00:39 0.0 15.4 00.00 01.7 18.0 12:54 SW 27 081.2 087.4 14:44 75.8 07:19 0.0 16.2 00.00 00.5 10.5 13:19 WSW 28 079.2 087.3 15:04 72.3 05:54 0.0 14.2 00.00 00.6 12.0 09:49 W 29 080.3 091.0 14:39 72.5 06:54 0.0 15.3 00.00 00.6 16.5 23:19 NNW 30 078.0 083.7 15:39 74.7 07:34 0.0 13.0 00.00 03.0 18.0 17:59 NE ----------------------------------------------------------------------------------------------------------------------------------------------------------